{"id":20,"date":"2026-03-09T13:09:55","date_gmt":"2026-03-09T13:09:55","guid":{"rendered":"https:\/\/rightontime.glimnet.nu\/?page_id=20"},"modified":"2026-03-26T12:56:41","modified_gmt":"2026-03-26T12:56:41","slug":"kontakt","status":"publish","type":"page","link":"https:\/\/rightontime.glimnet.nu\/index.php\/kontakt\/","title":{"rendered":"Kontakt"},"content":{"rendered":"\n<figure class=\"wp-block-image size-large is-resized\"><img decoding=\"async\" src=\"http:\/\/rightontime.local\/wp-content\/uploads\/2026\/03\/Gemini_Generated_Image_l0abuvl0abuvl0ab-1-1-1-1024x400.png\" alt=\"\" class=\"wp-image-197\" style=\"width:1160px\"\/><\/figure>\n\n\n\n<h2 class=\"wp-block-heading has-text-align-center\" style=\"font-size:30px\">Kontaktuppgifter<\/h2>\n\n\n\n<p class=\"has-text-align-left\" style=\"font-size:25px\">V\u00e5rt huvudkontor \u00e4r bel\u00e4get i lokaler utformade f\u00f6r maximal effektivitet.\u00a0<br><br><strong>Adress:<\/strong>\u00a0<br>Punktlighetsgr\u00e4nd 12,<br>08 000 Komitidk\u00f6ping<br><br>Ring inte mig, vi ringer dig <strong>Telefon<\/strong>:\u00a008-08 59 59\u00a0<br><strong>Telefontider<\/strong>: Vardagar 08:00 \u2013 17:00 (Prick).<br><br>F\u00f6r skriftliga f\u00f6rfr\u00e5gningar, offertunderlag eller tidsbokning av terapisessioner. Vi l\u00e4ser och kategoriserar inkommande \u00e4renden med kirurgisk precision:<br><strong>E-post<\/strong>:\u00a0info@rightontime.nu<\/p>\n\n\n\n<p><\/p>\n","protected":false},"excerpt":{"rendered":"<p>Kontaktuppgifter V\u00e5rt huvudkontor \u00e4r bel\u00e4get i lokaler utformade f\u00f6r maximal effektivitet.\u00a0 Adress:\u00a0Punktlighetsgr\u00e4nd 12,08 000 Komitidk\u00f6ping Ring inte mig, vi ringer dig Telefon:\u00a008-08 59 59\u00a0Telefontider: Vardagar 08:00 \u2013 17:00 (Prick). F\u00f6r skriftliga f\u00f6rfr\u00e5gningar, offertunderlag eller tidsbokning av terapisessioner. Vi l\u00e4ser och kategoriserar inkommande \u00e4renden med kirurgisk precision:E-post:\u00a0info@rightontime.nu<\/p>\n","protected":false},"author":3,"featured_media":0,"parent":0,"menu_order":0,"comment_status":"closed","ping_status":"closed","template":"template-contact.php","meta":{"_acf_changed":false,"footnotes":""},"class_list":["post-20","page","type-page","status-publish","hentry"],"acf":[],"_links":{"self":[{"href":"https:\/\/rightontime.glimnet.nu\/index.php\/wp-json\/wp\/v2\/pages\/20","targetHints":{"allow":["GET"]}}],"collection":[{"href":"https:\/\/rightontime.glimnet.nu\/index.php\/wp-json\/wp\/v2\/pages"}],"about":[{"href":"https:\/\/rightontime.glimnet.nu\/index.php\/wp-json\/wp\/v2\/types\/page"}],"author":[{"embeddable":true,"href":"https:\/\/rightontime.glimnet.nu\/index.php\/wp-json\/wp\/v2\/users\/3"}],"replies":[{"embeddable":true,"href":"https:\/\/rightontime.glimnet.nu\/index.php\/wp-json\/wp\/v2\/comments?post=20"}],"version-history":[{"count":17,"href":"https:\/\/rightontime.glimnet.nu\/index.php\/wp-json\/wp\/v2\/pages\/20\/revisions"}],"predecessor-version":[{"id":255,"href":"https:\/\/rightontime.glimnet.nu\/index.php\/wp-json\/wp\/v2\/pages\/20\/revisions\/255"}],"wp:attachment":[{"href":"https:\/\/rightontime.glimnet.nu\/index.php\/wp-json\/wp\/v2\/media?parent=20"}],"curies":[{"name":"wp","href":"https:\/\/api.w.org\/{rel}","templated":true}]}}